{"id":9959,"date":"2015-06-10T16:08:36","date_gmt":"2015-06-10T14:08:36","guid":{"rendered":"http:\/\/www.gruppopdregionetoscana.it\/web\/?page_id=9959"},"modified":"2015-10-29T17:00:22","modified_gmt":"2015-10-29T16:00:22","slug":"cookies","status":"publish","type":"page","link":"https:\/\/www.gruppopdregionetoscana.it\/web\/cookies\/","title":{"rendered":"INFORMATIVA SUI COOKIES IN MATERIA DI PROTEZIONE DEI DATI PERSONALI AI SENSI DELL\u2019ART. 13 D.LGS N. 196\/2003"},"content":{"rendered":"<p><span class=\"testi-grigio\">In osservanza di quanto previsto dagli artt. 13 e 122 del D.lgs 30 giugno 2003, nonch\u00e9 da quanto previsto dal Provvedimento generale del Garante privacy dell\u20198 maggio 2014, Gruppo consiliare Partito Democratico Consiglio Regionale della Toscana Via Cavour, 4 \u2013 50129 Firenze, titolare del trattamento, informa gli utenti del sito internet www.gruppopdregionetoscana.it della tipologia di cookie dallo stesso utilizzati e delle finalit\u00e0 perseguite con le informazioni acquisite, fornendo altres\u00ec le indicazioni per procedere alla loro selezione\/deselezione dei singoli cookie.<\/p>\n<p><strong>COSA SONO I COOKIES E PER QUALI FINALITA\u2019 POSSONO ESSERE UTILIZZATI<\/strong><br \/>\nUn \u201ccookie\u201d \u00e8 un piccolo file di testo creato da alcuni siti web sul computer dell\u2019utente al momento in cui questo accede ad un determinato sito, con lo scopo di immagazzinare e trasportare informazioni. I cookie sono inviati da un server web (che \u00e8 il computer sul quale \u00e8 in esecuzione il sito web visitato) al browser dell\u2019utente (Internet Explorer, Mozilla Firefox, Google Chrome, ecc.) e memorizzati sul computer di quest\u2019ultimo; vengono, quindi, re-inviati al sito web al momento delle visite successive. Alcune operazioni non potrebbero essere compiute senza l\u2019uso dei cookie, che, in alcuni casi, sono quindi tecnicamente necessari. In altri casi il sito utilizza cookie per facilitare e agevolare la navigazione da parte dell\u2019utente o per consentire a questi di usufruire di servizi specificamente richiesti. I cookie possono rimanere nel sistema anche per lunghi periodi e possono contenere anche un codice identificativo unico. Ci\u00f2 consente ai siti che li utilizzano di tenere traccia della navigazione dell\u2019utente all\u2019interno del sito stesso, per finalit\u00e0 statistiche o pubblicitarie, per creare cio\u00e8 un profilo personalizzato dell\u2019utente a partire dalle pagine che lo stesso ha visitato e mostrargli e\/o inviargli quindi pubblicit\u00e0 mirate (c.d. Behavioural Advertising).<\/p>\n<p><strong>QUALI COOKIE SONO UTILIZZATI DAL SITO E PER QUALI FINALITA\u2019<\/strong><br \/>\nIl presente sito utilizza diversi tipi di cookie tecnici, ma non profilanti. Il Titolare, seguendo le indicazioni fornite dall\u2019Autorit\u00e0 Garante nel provvedimento generale dell\u20198 maggio 2014, riporta di seguito le specifiche categorie di cookie adoperati, la finalit\u00e0 e la conseguenza che deriva dalla loro deselezione:<\/p>\n<p><strong> TIPOLOGIA COOKIE: Cookie analytics<\/strong><br \/>\nFINALITA\u2019: Raccogliere informazioni in forma aggregata sulla navigazione da parte degli utenti per ottimizzare l\u2019esperienza di navigazione e i servizi stessi.<br \/>\nTEMPI DI CONSERVAZIONE: Stabiliti da terze parti, si rimanda all\u2019informativa di cui sotto.<br \/>\nCONSEGUENZA IN CASO DI DESELEZIONE: Non sarebbe pi\u00f9 possibile per il Titolare acquisire le informazioni aggregate.<\/p>\n<p><strong>Cookie di terze parti<\/strong><br \/>\nSul presente sito web sono operativi anche cookie di terzi parti, ossia cookie creati da un sito web diverso da quello che l\u2019utente sta attualmente visitando. In base a quanto previsto dal provvedimento del garante privacy dell\u20198 maggio 2014, il Titolare \u00e8 tenuto, a fornire il link aggiornato alle informative e ai moduli di consenso delle terze parti con cui sono stati stipulati appositi accordi per l\u2019installazione di cookie tramite il proprio sito.<\/p>\n<p>I cookie di terze parti sono di tipo anonimo.<\/p>\n<p>E\u2019 previsto l\u2019uso di cookie di terze parti di tipo anonimo; tali cookie permettono di raccogliere e registrare, in modo anonimo, informazioni sulle pagine del sito consultate, ma non consentono di identificare il visitatore, e non sono in alcun modo combinati con altre informazioni. Tali dati sono utilizzati esclusivamente per tracciare ed esaminare l\u2019utilizzo dei siti da parte degli utenti, compilare statistiche sulla base di informazioni raccolte in forma anonima e mediante l\u2019utilizzo di dati in forma aggregata.<br \/>\nIn particolare, si informano gli utenti che il servizio di analisi web che rilasciano cookie utilizzato dal titolare \u00e8 \u201cGoogle Analytics\u201d, di seguito descritto. Google Analytics \u00e8 un servizio di analisi web fornito da Google, Inc. (\u201cGoogle\u201d) che utilizza dei \u201ccookies\u201d, che vengono depositati sul computer dell\u2019utente per consentire al sito web visitato di analizzare come gli utenti lo utilizzano. Le informazioni generate dal cookie sull\u2019utilizzo del sito web visitato da parte dell\u2019utente (compreso l\u2019 indirizzo IP) verranno trasmesse a Google, e depositate presso i server di Google negli Stati Uniti. Google utilizzer\u00e0 queste informazioni allo scopo di tracciare ed esaminare l\u2019utilizzo del sito web da parte dell\u2019utente, compilare report sulle attivit\u00e0 del sito web per gli operatori del sito e fornire altri servizi relativi alle attivit\u00e0 del sito web e all\u2019utilizzo di Internet. Google pu\u00f2 anche trasferire queste informazioni a terzi ove ci\u00f2 sia imposto dalla legge o laddove tali terzi trattino le suddette informazioni per conto di Google. Google non assocer\u00e0 gli indirizzi IP dell\u2019utente a nessun altro dato posseduto da Google. L\u2019utente pu\u00f2, in qualsiasi momento, rifiutarsi di usare i cookies selezionando l\u2019impostazione appropriata sul proprio browser. Per consultare l\u2019informativa privacy della societ\u00e0 Google relativa al servizio Google Analytics, nonch\u00e9 esprimere il proprio consenso all\u2019utilizzo dei suddetti cookies, si rinvia al sito Internet http:\/\/www.google.com\/intl\/en\/analytics\/privacyoverview.html.<\/p>\n<p><strong>SOCIAL BUTTONS E WIDGETS<\/strong><br \/>\nSul sito \u201cwww.gruppopdregionetoscana.it\u201d \u00e8 possibile trovare anche social buttons\/widgets, ovvero quei particolari \u201cpulsanti\u201d raffiguranti le icone di social network (esempio, Facebook e Twitter). Questi \u201cpulsanti\u201d consentono agli utenti che stanno navigando il sito, di raggiungere e interagire con un \u201cclick\u201d direttamente con i social network. Grazie al click sui Social buttons\/widgets, il social network acquisisce i dati relativi alla visita dell\u2019utente sul sito \u201cwww.gruppopdregionetoscana.it\u201d . Al di fuori di questi casi, in cui l\u2019utente condivide spontaneamente i propri dati di navigazione con i social network prescelti, il sito \u201cwww.gruppopdregionetoscana.it\u201d non condivide o diffonde alcuna informazione di navigazione o dato dell\u2019utente.<\/p>\n<p><strong>MODALITA\u2019 DEL TRATTAMENTO<\/strong><br \/>\nIl trattamento dei dati \u00e8 eseguito attraverso supporti informatici e telematici ad opera di soggetti interni appositamente incaricati. I dati sono conservati in archivi elettronici e con piena assicurazione delle misure di sicurezza minime previste dal legislatore.<\/p>\n<p><strong>COMUNICAZIONE E DIFFUSIONE<\/strong><br \/>\nI dati raccolti non saranno oggetto di divulgazione e di diffusione. La comunicazione a terzi, diversi dal Titolare, dai responsabili, interni ma anche esterni alla struttura aziendale, e dagli incaricati al trattamento individuati e nominati ex artt. 29 e 30 del D.lgs. n. 196\/2003 e s.m.i., \u00e8 prevista ove necessaria per le finalit\u00e0 di cui sopra, a soggetti terzi (quali societ\u00e0 di fornitura e assistenza informatica che garantiscono il corretto funzionamento del portale) impegnate nel corretto e regolare perseguimento delle finalit\u00e0 descritte. In ogni caso il trattamento da parte di soggetti terzi avverr\u00e0 secondo correttezza e nel rispetto delle disposizioni di legge vigenti.<\/p>\n<p><strong>DIRITTI DELL\u2019INTERESSATO<\/strong><br \/>\nL\u2019interessato potr\u00e0 far valere i propri diritti come espressi dall\u2019artt. 7, 8, 9 e 10 del D.lgs. 30 giugno 2003 n. 196, rivolgendosi al titolare del trattamento. In particolare secondo l\u2019art. 7 l\u2019interessato potr\u00e0 ottenere la conferma dell\u2019esistenza o meno di dati personali che lo riguardano, anche se non ancora registrati, e la loro comunicazione in forma intelligibile. L\u2019interessato ha diritto di ottenere l\u2019indicazione: a) dell\u2019origine dei dati personali; b) delle finalit\u00e0 e modalit\u00e0 del trattamento; c) della logica applicata in caso di trattamento effettuato con l\u2019ausilio di strumenti elettronici; d) degli estremi identificativi del titolare, dei responsabili e del rappresentante designato ai sensi dell\u2019articolo 5, comma 2; e) dei soggetti o delle categorie di soggetti ai quali i dati personali possono essere comunicati o che possono venirne a conoscenza in qualit\u00e0 di rappresentante designato nel territorio dello Stato, di responsabili o incaricati. L\u2019interessato ha diritto di ottenere: a) l\u2019aggiornamento, la rettificazione ovvero, quando vi ha interesse, l\u2019integrazione dei dati; b) la cancellazione, la trasformazione in forma anonima o il blocco dei dati trattati in violazione di legge, compresi quelli di cui non \u00e8 necessaria la conservazione in relazione agli scopi per i quali i dati sono stati raccolti o successivamente trattati; c) l\u2019attestazione che le operazioni di cui alle lettere a) e b) sono state portate a conoscenza, anche per quanto riguarda il loro contenuto, di coloro ai quali i dati sono stati comunicati o diffusi, eccettuato il caso in cui tale adempimento si rivela impossibile o comporta un impiego di mezzi manifestamente sproporzionato rispetto al diritto tutelato. L\u2019interessato ha diritto di opporsi, in tutto o in parte: a) per motivi legittimi al trattamento dei dati personali che lo riguardano, ancorch\u00e9 pertinenti allo scopo della raccolta; b) al trattamento di dati personali che lo riguardano a fini di invio di materiale pubblicitario o di vendita diretta o per il compimento di ricerche di mercato o di comunicazione commerciale.<\/p>\n<p><strong>TITOLARE, RESPONSABILE E COMUNICAZIONI PRIVACY<\/strong><br \/>\nUn elenco aggiornato dei responsabili, nominati dal Titolare ai sensi dell\u2019art. 29 d.lgs. 196\/2003, \u00e8 disponibile presso la sede legale del Titolare.<\/p>\n<p><strong> TEMPI DI CONSERVAZIONE<\/strong><br \/>\nI dati sono conservati per il tempo indicato nella tabella ,di cui sopra, nel presente documento, e comunque finch\u00e9 non venga espressamente esercitato il diritto di opposizione da parte dell\u2019interessato.<\/p>\n<p><strong>E\u2019 NECESSARIO IL CONSENSO ALL\u2019UTILIZZO DEI COOKIES?<\/strong><br \/>\nNon \u00e8 richiesto il consenso dell\u2019utente in tutti quei casi in cui l\u2019utilizzo di cookie o altri dispositivi memorizzati sui terminali degli utenti o dei contraenti serva esclusivamente per scopi tecnici oppure risponda a specifiche richieste dell\u2019utente o del contraente di un servizio Internet.<\/p>\n<p><strong>DESELEZIONE E ATTIVAZIONE DEI COOKIE<\/strong><br \/>\nAccedendo al sito e superando il banner iniziale contenente l\u2019informativa breve, l\u2019utente ha prestato il proprio consenso espresso all\u2019utilizzo dei cookie tecnici espressamente indicati nel presente documento. La selezione\/deselezione dei singoli cookie potr\u00e0 avvenire liberamente tramite il suddetto sistema, ferma restando la possibilit\u00e0 di procedere anche attraverso il proprio browser (selezionando il menu impostazioni, cliccando sulle opzioni internet, aprendo la scheda relativa alla privacy e scegliendo il desiderato livello di blocco cookie). <\/span><\/p>\n","protected":false},"excerpt":{"rendered":"<p>In osservanza di quanto previsto dagli artt. 13 e 122 del D.lgs 30 giugno 2003, nonch\u00e9 da quanto previsto dal Provvedimento generale del Garante privacy dell\u20198 maggio 2014, Gruppo consiliare Partito Democratico Consiglio Regionale della Toscana Via Cavour, 4 \u2013 50129 Firenze, titolare del trattamento, informa gli utenti del sito internet www.gruppopdregionetoscana.it della tipologia di [&hellip;]<\/p>\n","protected":false},"author":1,"featured_media":0,"parent":0,"menu_order":0,"comment_status":"closed","ping_status":"closed","template":"","meta":{"footnotes":""},"class_list":["post-9959","page","type-page","status-publish","czr-hentry"],"jetpack_sharing_enabled":true,"_links":{"self":[{"href":"https:\/\/www.gruppopdregionetoscana.it\/web\/wp-json\/wp\/v2\/pages\/9959","targetHints":{"allow":["GET"]}}],"collection":[{"href":"https:\/\/www.gruppopdregionetoscana.it\/web\/wp-json\/wp\/v2\/pages"}],"about":[{"href":"https:\/\/www.gruppopdregionetoscana.it\/web\/wp-json\/wp\/v2\/types\/page"}],"author":[{"embeddable":true,"href":"https:\/\/www.gruppopdregionetoscana.it\/web\/wp-json\/wp\/v2\/users\/1"}],"replies":[{"embeddable":true,"href":"https:\/\/www.gruppopdregionetoscana.it\/web\/wp-json\/wp\/v2\/comments?post=9959"}],"version-history":[{"count":0,"href":"https:\/\/www.gruppopdregionetoscana.it\/web\/wp-json\/wp\/v2\/pages\/9959\/revisions"}],"wp:attachment":[{"href":"https:\/\/www.gruppopdregionetoscana.it\/web\/wp-json\/wp\/v2\/media?parent=9959"}],"curies":[{"name":"wp","href":"https:\/\/api.w.org\/{rel}","templated":true}]}}